55
Calculate the remainder when 666 is divided by 617.
49
What is the remainder when 168823 is divided by 35?
18
Calculate the remainder when 130835 is divided by 43611.
2
What is the remainder when 608020 is divided by 17?
15
Calculate the remainder when 99579 is divided by 77.
18
Calculate the remainder when 321810 is divided by 66.
60
What is the remainder when 145876 is divided by 16208?
4
Calculate the remainder when 11468 is divided by 12.
8
Calculate the remainder when 518167 is divided by 5694.
13
Calculate the remainder when 16007 is divided by 842.
9
What is the remainder when 166839 is divided by 701?
1
Calculate the remainder when 46749 is divided by 13.
1
What is the remainder when 3571 is divided by 314?
117
What is the remainder when 2677 is divided by 133?
17
What is the remainder when 7861 is divided by 129?
121
What is the remainder when 1728 is divided by 398?
136
Calculate the remainder when 316263 is divided by 316260.
3
Calculate the remainder when 661 is divided by 51.
49
What is the remainder when 68527 is divided by 107?
47
What is the remainder when 17996 is divided by 3599?
1
Calculate the remainder when 51501 is divided by 343.
51
Calculate the remainder when 14919 is divided by 55.
14
Calculate the remainder when 7982 is divided by 363.
359
What is the remainder when 4480 is divided by 176?
80
Calculate the remainder when 2478 is divided by 597.
90
Calculate the remainder when 16526 is divided by 190.
186
What is the remainder when 29724 is divided by 9905?
9
Calculate the remainder when 12148 is divided by 217.
213
Calculate the remainder when 13861 is divided by 152.
29
What is the remainder when 27469 is divided by 27466?
3
What is the remainder when 1288484 is divided by 99113?
15
Calculate the remainder when 644 is divided by 148.
52
Calculate the remainder when 298578 is divided by 52.
46
What is the remainder when 28046 is divided by 214?
12
Calculate the remainder when 107242 is divided by 113.
5
What is the remainder when 145852 is divided by 8?
4
What is the remainder when 45302 is divided by 17?
14
What is the remainder when 29049 is divided by 33?
9
Calculate the remainder when 169025 is divided by 429.
428
Calculate the remainder when 486 is divided by 39.
18
What is the remainder when 29989 is divided by 99?
91
What is the remainder when 6830 is divided by 326?
310
What is the remainder when 4470 is divided by 85?
50
What is the remainder when 34575 is divided by 87?
36
Calculate the remainder when 1091634 is divided by 8875.
9
Calculate the remainder when 105890 is divided by 1514.
1424
Calculate the remainder when 868 is divided by 628.
240
Calculate the remainder when 8318 is divided by 2757.
47
What is the remainder when 9802 is divided by 352?
298
What is the remainder when 65180 is divided by 426?
2
Calculate the remainder when 2976 is divided by 79.
53
Calculate the remainder when 3237 is divided by 11.
3
Calculate the remainder when 81937 is divided by 45.
37
Calculate the remainder when 530 is divided by 236.
58
What is the remainder when 1488 is divided by 730?
28
What is the remainder when 8783 is divided by 52?
47
Calculate the remainder when 16974 is divided by 459.
450
What is the remainder when 4878668 is divided by 592?
588
Calculate the remainder when 4100 is divided by 453.
23
Calculate the remainder when 15795 is divided by 757.
655
What is the remainder when 403851 is divided by 87?
84
Calculate the remainder when 9755 is divided by 130.
5
What is the remainder when 40615 is divided by 3384?
7
Calculate the remainder when 5429 is divided by 1754.
167
What is the remainder when 7688 is divided by 285?
278
Calculate the remainder when 1912183 is divided by 25.
8
What is the remainder when 92629 is divided by 14?
5
Calculate the remainder when 132735 is divided by 11.
9
What is the remainder when 1349064 is divided by 5?
4
What is the remainder when 41575 is divided by 13851?
22
Calculate the remainder when 2923 is divided by 25.
23
Calculate the remainder when 5241 is divided by 50.
41
Calculate the remainder when 17658 is divided by 2936.
42
What is the remainder when 64623 is divided by 606?
387
What is the remainder when 262360 is divided by 219?
217
What is the remainder when 1182 is divided by 893?
289
What is the remainder when 1928 is divided by 3?
2
Calculate the remainder when 1872 is divided by 57.
48
Calculate the remainder when 508083 is divided by 56.
51
What is the remainder when 6083 is divided by 113?
94
What is the remainder when 4359 is divided by 1746?
867
Calculate the remainder when 264212 is divided by 23.
11
What is the remainder when 100099 is divided by 41?
18
Calculate the remainder when 3846 is divided by 57.
27
What is the remainder when 371027 is divided by 21?
20
What is the remainder when 226613 is divided by 60?
53
What is the remainder when 560 is divided by 174?
38
What is the remainder when 8785 is divided by 43?
13
What is the remainder when 170849 is divided by 85?
84
Calculate the remainder when 132271 is divided by 416.
399
Calculate the remainder when 18029 is divided by 175.
4
What is the remainder when 69291 is divided by 144?
27
Calculate the remainder when 2113 is divided by 421.
8
What is the remainder when 14762 is divided by 107?
103
Calculate the remainder when 35215 is divided by 302.
183
Calculate the remainder when 12700 is divided by 3171.
16
Calculate the remainder when 764917 is divided by 39.
10
Calculate the remainder when 36156 is divided by 17.
14
What is the remainder when 2081026 is divided by 86?
84
What is the remainder when 28217 is divided by 34?
31
Calculate the remainder when 13877 is divided by 10.
7
Calculate the remainder when 1417341 is divided by 9.
3
Calculate the remainder when 564621 is divided by 216.
213
What is the remainder when 306574 is divided by 306554?
20
What is the remainder when 7593 is divided by 3782?
29
Calculate the remainder when 370993 is divided by 74196.
13
Calculate the remainder when 4299 is divided by 4265.
34
Calculate the remainder when 103627 is divided by 297.
271
What is the remainder when 1499 is divided by 125?
124
What is the remainder when 67272 is divided by 13?
10
Calculate the remainder when 8965 is divided by 204.
193
What is the remainder when 2589 is divided by 2370?
219
What is the remainder when 1380223 is divided by 82?
81
Calculate the remainder when 14999 is divided by 143.
127
What is the remainder when 751183 is divided by 1412?
1411
Calculate the remainder when 50226 is divided by 12554.
10
What is the remainder when 38878 is divided by 798?
574
Calculate the remainder when 2977 is divided by 491.
31
What is the remainder when 178988 is divided by 44744?
12
Calculate the remainder when 28491 is divided by 7122.
3
Calculate the remainder when 31578 is divided by 192.
90
What is the remainder when 5346 is divided by 1330?
26
What is the remainder when 16102 is divided by 575?
2
Calculate the remainder when 125618 is divided by 170.
158
Calculate the remainder when 201269 is divided by 2054.
2031
Calculate the remainder when 15988 is divided by 1329.
40
Calculate the remainder when 102903 is divided by 11433.
6
What is the remainder when 12902 is divided by 429?
32
What is the remainder when 99581 is divided by 11?
9
Calculate the remainder when 177416 is divided by 4327.
9
Calculate the remainder when 5004 is divided by 466.
344
Calculate the remainder when 37218 is divided by 22.
16
Calculate the remainder when 929 is divided by 54.
11
What is the remainder when 700120 is divided by 104?
96
What is the remainder when 180070 is divided by 25?
20
What is the remainder when 6162 is divided by 268?
266
Calculate the remainder when 301727 is divided by 1295.
1287
Calculate the remainder when 4230 is divided by 27.
18
What is the remainder when 143804 is divided by 5?
4
Calculate the remainder when 930567 is divided by 22.
11
Calculate the remainder when 296 is divided by 179.
117
What is the remainder when 2478 is divided by 67?
66
What is the remainder when 22356 is divided by 22351?
5
What is the remainder when 25396 is divided by 13?
7
What is the remainder when 125882 is divided by 125?
7
What is the remainder when 11785 is divided by 262?
257
What is the remaind